s the greatest common factor of 12737 and 11562?
47
Calculate the highest common divisor of 3324 and 2055894.
1662
Calculate the greatest common factor of 116587 and 137.
137
What is the greatest common factor of 40 and 96810?
10
What is the highest common factor of 35 and 43015?
35
Calculate the greatest common divisor of 8148 and 2604.
84
What is the highest common factor of 1503 and 411321?
501
Calculate the greatest common factor of 794024 and 220.
44
What is the highest common divisor of 20969 and 13?
13
What is the greatest common factor of 1026 and 8322?
114
Calculate the highest common divisor of 4 and 197362.
2
What is the greatest common divisor of 34461 and 243?
9
Calculate the highest common factor of 64938 and 27966.
474
Calculate the greatest common divisor of 158144 and 3136.
448
Calculate the greatest common factor of 2367 and 893937.
789
Calculate the highest common factor of 3192 and 1963536.
456
Calculate the highest common factor of 20 and 253210.
10
Calculate the highest common divisor of 1970 and 5847945.
985
Calculate the greatest common factor of 260 and 314444.
52
Calculate the highest common factor of 95 and 12026620.
95
What is the greatest common divisor of 195650 and 104?
26
What is the greatest common divisor of 11258 and 3172?
26
Calculate the greatest common factor of 55000 and 16.
8
Calculate the greatest common factor of 1886 and 8938.
82
Calculate the greatest common factor of 55 and 319968.
11
Calculate the highest common divisor of 4995575 and 2427.
809
Calculate the greatest common divisor of 4342 and 411154.
334
What is the highest common factor of 112070 and 70?
70
Calculate the greatest common divisor of 14056364 and 28.
28
Calculate the highest common factor of 126144 and 73.
73
Calculate the greatest common divisor of 61408 and 2432.
608
Calculate the highest common factor of 500364 and 252.
36
What is the greatest common factor of 171656 and 9976?
344
Calculate the highest common divisor of 16 and 17488.
16
Calculate the highest common divisor of 75 and 28065.
15
Calculate the highest common divisor of 107 and 127865.
107
What is the highest common divisor of 36608 and 96?
32
What is the greatest common factor of 17 and 108443?
17
What is the highest common divisor of 6860 and 3780?
140
Calculate the highest common factor of 276 and 33051.
69
Calculate the greatest common divisor of 75775 and 63.
7
Calculate the greatest common factor of 1561 and 7.
7
What is the highest common factor of 272 and 27608?
136
Calculate the greatest common factor of 4032392 and 406.
406
What is the highest common divisor of 56 and 154168?
56
Calculate the highest common factor of 433367 and 11.
11
Calculate the highest common factor of 864 and 325080.
216
Calculate the greatest common factor of 1075816 and 168.
56
What is the greatest common divisor of 82 and 7503?
41
What is the highest common factor of 14 and 176554?
14
What is the highest common factor of 239 and 2590043?
239
What is the highest common divisor of 966 and 201549?
69
What is the highest common divisor of 64353 and 228?
57
Calculate the highest common factor of 8 and 31117.
1
Calculate the greatest common divisor of 12 and 34.
2
Calculate the highest common divisor of 13194 and 72.
18
Calculate the greatest common factor of 90889 and 10088.
97
What is the highest common factor of 94 and 27871?
47
Calculate the highest common divisor of 6042 and 4293.
159
What is the highest common divisor of 4880 and 56800?
80
Calculate the greatest common divisor of 57 and 114817.
19
What is the highest common factor of 1497 and 2522944?
499
What is the greatest common factor of 1363 and 36076?
29
What is the greatest common factor of 870 and 2100?
30
Calculate the greatest common divisor of 7350 and 49686.
294
What is the greatest common factor of 318 and 32118?
318
Calculate the highest common divisor of 15036 and 1071.
21
Calculate the greatest common divisor of 30 and 2355.
15
Calculate the greatest common divisor of 380 and 4332760.
380
What is the greatest common divisor of 18 and 21410?
2
Calculate the highest common factor of 4576 and 147488.
352
Calculate the highest common divisor of 31062 and 26040.
186
What is the highest common factor of 2942978 and 58?
58
Calculate the highest common divisor of 114 and 31540.
38
Calculate the highest common factor of 824 and 592147.
103
Calculate the greatest common divisor of 456 and 2372568.
456
What is the highest common divisor of 156573 and 513?
27
What is the greatest common factor of 2035 and 111595?
55
Calculate the highest common factor of 116816 and 14.
14
Calculate the greatest common divisor of 21 and 5681256.
21
Calculate the highest common divisor of 3953 and 8673.
59
Calculate the highest common factor of 3196575 and 675.
225
What is the greatest common factor of 107360 and 1440?
160
What is the greatest common divisor of 10602 and 186713?
589
What is the greatest common factor of 2777800 and 2408?
344
Calculate the greatest common factor of 6 and 7456326.
6
Calculate the highest common divisor of 153 and 87489.
9
What is the greatest common factor of 55738 and 377?
29
What is the greatest common divisor of 12103 and 847?
7
What is the greatest common divisor of 13948 and 17116?
44
What is the greatest common factor of 55704 and 324?
12
What is the greatest common factor of 172 and 188598?
86
What is the highest common factor of 427 and 8113?
427
What is the highest common factor of 31631 and 9917?
47
What is the highest common factor of 25437 and 6?
3
What is the greatest common divisor of 184 and 84548?
92
Calculate the greatest common factor of 1191807 and 6993.
999
Calculate the greatest common divisor of 27 and 7056.
9
What is the highest common factor of 3268 and 2660?
76
Calculate the greatest common divisor of 14764 and 164.
4
Calculate the greatest common factor of 500 and 1225660.
20
Calculate the greatest common factor of 179204 and 355.
71
What is the highest common divisor of 5074 and 50396?
86
Calculate the greatest common divisor of 917560 and 339.
113
Calculate the greatest common divisor of 26240 and 1152.
128
What is the highest common factor of 87 and 3538?
29
What is the greatest common divisor of 186 and 813471?
93
What is the greatest common factor of 378 and 15330?
42
Calculate the highest common divisor of 1710 and 7562.
38
What is the highest common divisor of 12836 and 236?
4
Calculate the greatest common divisor of 123600 and 249260.
2060
What is the highest common factor of 190 and 1729?
19
What is the greatest common factor of 5822 and 13202?
82
Calculate the greatest common divisor of 672 and 10038.
42
Calculate the highest common divisor of 68 and 31314.
34
What is the greatest common divisor of 84 and 62286?
42
Calculate the highest common factor of 9 and 15060.
3
Calculate the greatest common divisor of 107 and 5639863.
107
Calculate the greatest common divisor of 3591819 and 3066.
1533
Calculate the highest common divisor of 21 and 8373.
3
What is the highest common divisor of 370806 and 276?
138
Calculate the greatest common factor of 13370 and 630.
70
What is the highest common divisor of 196 and 344323?
49
Calculate the greatest common factor of 993915 and 90.
45
What is the highest common factor of 962 and 120731?
481
Calculate the greatest common divisor of 73160 and 206500.
1180
What is the greatest common factor of 472 and 4366?
118
What is the highest common divisor of 64335 and 70?
5
Calculate the highest common divisor of 650 and 292110.
130
Calculate the greatest common divisor of 5265 and 39.
39
Calculate the greatest common factor of 78250 and 30.
10
What is the greatest common factor of 350 and 3490?
10
Calculate the greatest common factor of 1526224 and 112.
112
Calculate the highest common divisor of 107500 and 400.
100
Calculate the highest common factor of 54 and 510651.
27
What is the highest common divisor of 136 and 524?
4
What is the highest common factor of 107484 and 530?
106
What is the greatest common factor of 2070 and 5310?
90
Calculate the greatest common divisor of 105390 and 63.
9
Calculate the greatest common factor of 33 and 218427.
33
What is the greatest common divisor of 452628 and 264?
132
Calculate the greatest common factor of 3583